Let h = -3294 + 5360. List the prime factors of h.
2, 1033
Let r = -644 - -2958. List the prime factors of r.
2, 13, 89
Suppose -3*g + 5*y - 333 = -1826, 0 = -5*g - 2*y + 2447. List the prime factors of g.
491
Suppose 3*b - b - 422 = 0. Suppose -7*z - b = 181. Let v = -12 - z. What are the prime factors of v?
2, 11
Suppose -5*a = -51 - 114. Let u(j) = -2*j**2 + 8*j + 1. Let c be u(6). Let k = c + a. What are the prime factors of k?
2, 5
Suppose -2*g - 8 = -3*p - 65, 2*p = -4*g + 122. Let s = g + 21. What are the prime factors of s?
3, 17
Suppose -3*x - 5*l = -3379 - 1942, 0 = -2*x - 2*l + 3542. List the prime factors of x.
3, 19, 31
Suppose 4*k = g + 974, 0 = 4*k + 11*g - 14*g - 978. What are the prime factors of k?
3
Let w(s) = s**3 - 4*s**2 - 5*s + 2. Let k = 0 - -5. Let c be w(k). What are the prime factors of (-102)/(-4) - c/4?
5
Let r(l) be the first derivative of 25*l**2/2 - 5*l - 4. Let n be r(4). Suppose -n = -5*b + 100. What are the prime factors of b?
3, 13
Let r be -2 + 6/(-8)*-4. Let j(s) = 19*s**3 - 2*s**2 + 1. Let k be j(r). Let a = 29 - k. What are the prime factors of a?
11
Let u be (-379)/(12/(-16)*(-4)/(-6)). Let l = u + -450. List the prime factors of l.
2, 7, 11
Let a = -30 - -31. What are the prime factors of (74/6 + 3)/(a/6)?
2, 23
Suppose -17*z + 1130 = -12*z. What are the prime factors of z?
2, 113
Let m be 5/2 - 1/(-2). Suppose 5*z - 23 = -m*i, -i + 11 + 10 = 5*z. What are the prime factors of 61 + i + (1 - 3)?
2, 3, 5
Suppose 0 = -2*t + 5*z + 21, 2*z - 4*z = 6. Suppose -t*m + 519 = 111. List the prime factors of m.
2, 17
Suppose 659 = 3*u - 445. What are the prime factors of u?
2, 23
List the prime factors of (2 + 1)*98224/84.
2, 877
Let h(n) = -2*n**3 - n**2 + 33*n + 2668. What are the prime factors of h(0)?
2, 23, 29
Let a(g) = -1255*g**3 - 4*g**2 + 2*g + 1. List the prime factors of a(-1).
2, 5
Let k = 24 - 13. Let d(f) = -f**3 - 3*f**2 + 4. Let h be d(-2). Let o = h + k. What are the prime factors of o?
11
Let t(a) be the first derivative of 2*a**3 - a**2/2 + 3. What are the prime factors of t(3)?
3, 17
Let c(m) = -20*m**3 - 3*m**2 + m - 3. What are the prime factors of c(-3)?
3, 13
Suppose 88*r = -n + 90*r + 710, -4*n + 2828 = -4*r. What are the prime factors of n?
2, 11
Let c be (-32 - -11)/(-2 - 1). Let u(m) be the first derivative of m**2 - 3*m - 1. What are the prime factors of u(c)?
11
Suppose 43 = 3*x + 2*i, 5*x - 9*x - 2*i + 60 = 0. List the prime factors of x.
17
Let u(t) be the first derivative of 4*t**3/3 + 3*t**2/2 + 1. Let r = 82 + -84. What are the prime factors of u(r)?
2, 5
Let a = -1 + 3. Let q = -469 - -469. Suppose q = -h - a + 25. List the prime factors of h.
23
Let c(p) = p**3 + 8*p**2 - 2*p - 5. Let w = 12 + -19. Let j be c(w). Suppose 5*z - 82 = j. List the prime factors of z.
2, 7
Suppose 7*o - 11288 = 115. What are the prime factors of o?
3, 181
Suppose -4 + 28 = 4*p. Suppose -2*b + 3*u + 148 = 0, 3*b = p*b + 3*u - 207. List the prime factors of b.
71
Let x = -5 + 5. Let w be (x - 2)/(1/(-14)). Let c = w - 11. List the prime factors of c.
17
Suppose 2*w - 115 = -11. Let a be 13/w + 1/(-4). Suppose a = -4*p + 14 + 26. What are the prime factors of p?
2, 5
Suppose -5*z = -5*g - 2915, -2 = 4*g + 14. List the prime factors of z.
3, 193
Let h(f) = -3*f - 18. Suppose 3*p + 20 - 176 = 0. Suppose n - p = 5*n. List the prime factors of h(n).
3, 7
Let i = 7 + -5. Suppose 6*d - 7*d + 2 = 0. Suppose q = -2*q - 3, 0 = d*c + i*q - 24. What are the prime factors of c?
13
Suppose -3*t + 24 = 3*t. Let s be t/(-8)*(3 - -163). Let a = s + 140. List the prime factors of a.
3, 19
Suppose -5*w + 3*z = 18, 5*w - z - 12 = -38. Let m be (-453)/(-6) - 3/w. Suppose m = -3*f + 6*f + b, 101 = 3*f - 4*b. List the prime factors of f.
3
Suppose 403 - 38 = -5*w. Let f = 78 + w. List the prime factors of f.
5
Suppose 4*s = 31 + 9. List the prime factors of (-18)/s*(-1160)/12.
2, 3, 29
Suppose 31*g - 2071 = 12*g. Suppose v - 6 = -v. Suppose -5*h - w = -131, -v*h + g = 4*w + 27. What are the prime factors of h?
2, 13
Suppose -5*b + 2*n = 3*n - 19, 3*b - 2*n = 1. Suppose 2*l + 309 = 5*g - 0*l, b*l - 72 = -g. List the prime factors of g.
3, 7
Let u be 6 + -8 + 6 - (-1 + 2). Suppose -u*f + 201 + 102 = 0. List the prime factors of f.
101
Let y = 8780 + -4582. List the prime factors of y.
2, 2099
Let w be (-4)/6 - (5808/(-18))/(-8). Let m = w + 74. List the prime factors of m.
3, 11
Suppose 2*o + 23 = -o - 4*j, 0 = -4*o - 3*j - 26. Let l(c) = c + 4. Let a be l(o). Let x = 3 + a. What are the prime factors of x?
2
Suppose -4*z = -5*v + 692, -3*v - 410 = -6*v + 5*z. Let b(t) = -t**3 - 9*t**2 - 11*t - 20. Let u be b(-8). Suppose -u*c + v = c. List the prime factors of c.
2, 7
Let k(i) be the third derivative of -i**6/120 + 7*i**5/60 + 7*i**4/24 + 3*i**3/2 + 4*i**2. Let t be k(8). What are the prime factors of -20*((-1)/(-2) - t)?
2, 5
Let a be 0 + 29390/25 + 6/15. Suppose -9*f = -f - a. What are the prime factors of f?
3, 7
Suppose -3*n + 8 = n. Suppose 9 = 4*c + l, 0 = -5*c + 5*l + 7 - n. Suppose 0*q + 4*g - 34 = -c*q, 0 = 5*q + 5*g - 95. List the prime factors of q.
3, 7
Let v be 1/((-3)/18*-2). Let u(m) = 2*m**3 - 3*m**2 - 2*m - 3. Let n be u(v). Let b = n + -16. List the prime factors of b.
2
Let l(q) = -q**3 + 2*q - 2. Let m(v) = 6*v**3 - 11*v + 11. Let g(c) = 11*l(c) + 2*m(c). Let n be g(-1). Let u(j) = -4*j - 1. List the prime factors of u(n).
3
Let u be 2 - (-2*4)/(-4). Let p be (u - -3)*(-2)/6. List the prime factors of p - -4 - 4/(-2).
5
Suppose -f - 10 = -w, -w - 5*f + 0 - 2 = 0. Suppose 4*c = w*c - 8. List the prime factors of 9 + 3*c/(-3).
7
Let l(j) = -j**3 + 9*j**2 + 5*j - 9. Let r be l(4). Let m = r + -62. List the prime factors of m.
29
What are the prime factors of (-9386)/(-22) - (-68)/187?
7, 61
Let o(k) = -6*k**3 + k**2 - 6*k + 3. Let n be o(3). Let w = -73 - n. List the prime factors of w.
5, 19
Let n(d) = 2*d**2 - 3*d - 2. Let q = 67 - 62. What are the prime factors of n(q)?
3, 11
Suppose 3*a - c - 2497 = 0, -a = 3*a - 4*c - 3340. List the prime factors of a.
3, 277
Suppose 339 = 2*p - 4*m - 643, -2019 = -4*p - 3*m. What are the prime factors of p?
3, 167
Let l(y) = -y**2 - 12*y + 5. Suppose -46 - 94 = 5*a - h, -3*h + 84 = -3*a. Let r = a + 23. List the prime factors of l(r).
2, 5
Let m = 34 + -34. Suppose m = -4*h - 1 - 11. Let c(a) = -a**3 - 3*a**2 - 5*a - 1. List the prime factors of c(h).
2, 7
Suppose -41*i = -5*i - 8604. What are the prime factors of i?
239
Suppose 96 = 4*v + 5*s, 0 = -5*v - 4*s - 3 + 132. Suppose 54*g - 53*g - 3 = 0. Suppose g*z - 2*z = v. List the prime factors of z.
29
Let u be (4 + -29)*-1 - 3. Suppose 4*t - u + 2 = 0. What are the prime factors of t?
5
Let n(z) = -z - 118. Let a be n(0). Let o = -62 - a. Let r = o + -22. What are the prime factors of r?
2, 17
Let z = 252 + -58. List the prime factors of z.
2, 97
Let l = 23 + -23. Suppose l = 42*d - 44*d + 72. What are the prime factors of d?
2, 3
Suppose x - 27 = -6. List the prime factors of x + -8 + 4 + 5.
2, 11
Let z(c) = -53*c**3 - 2*c**2 + c. Let g be z(1). Let q = 83 + -65. List the prime factors of 4/q + (-582)/g.
11
Let f = 4106 + -2797. What are the prime factors of f?
7, 11, 17
Let f(y) = -11 + 1 - 3 - y**3 + 4*y**2 - 3*y - 16*y**2. Let b be f(-12). Suppose -5*h - b = -6*h. List the prime factors of h.
23
Let t = 17 - 12. Let l be 2/1 - (-4 + 6). Let j = t - l. List the prime factors of j.
5
Let f = 10191 - 6628. What are the prime factors of f?
7, 509
Suppose 3*l = 2*l + 3. Suppose -25 = -4*y - 2*k + 81, 39 = y - 2*k. Suppose -2*p - 2*j = -l*j - y, -3*p = -2*j - 46. List the prime factors of p.
2, 3
Let c = 52 - 43. List the prime factors of c/21 + 2234/14.
2, 5
Let t(q) = q**3 - 3*q**2 - 3*q. Suppose -i + 16 = 3*d + 2*d, 5*i = -5*d. Let v be t(d). Suppose -v*l + g = -44, 2*g + 32 = 2*l - g. List the prime factors of l.
2, 5
Let t = -12 + 18. Suppose 0 = -2*h - h - t. What are the prime factors of (17/h)/(4/(-8))?
17
Suppose -35*i + 25475 + 19570 = 0. List the prime factors of i.
3, 11, 13
Let i(x) = 1115*x**2 + 6*x + 2. What are the prime factors of i(1)?
1123
Suppose 14*q - 13*q + 3*z - 863 = 0, 3*q = -z + 2589. List the prime factors of q.
863
Suppose -w = 3, -3*w - 4 = 3*b + 11. Let z be (2 - 5) + 5 + b. Suppose -